 of 1665666?
2, 3, 37, 41, 61
List the prime factors of 110420.
2, 5, 5521
List the prime factors of 16807243.
16807243
List the prime factors of 855478.
2, 13, 2531
List the prime factors of 231024.
2, 3, 4813
List the prime factors of 85471.
127, 673
What are the prime factors of 85844?
2, 11, 1951
What are the prime factors of 1924729?
113, 17033
List the prime factors of 1762912.
2, 89, 619
List the prime factors of 227682.
2, 3, 7, 13, 139
List the prime factors of 1413469.
103, 13723
List the prime factors of 27500.
2, 5, 11
What are the prime factors of 329999?
329999
What are the prime factors of 195483?
3, 17, 3833
What are the prime factors of 8002?
2, 4001
List the prime factors of 1276800.
2, 3, 5, 7, 19
What are the prime factors of 3509948?
2, 13, 67499
What are the prime factors of 1236154?
2, 29, 21313
List the prime factors of 1928285.
5, 385657
What are the prime factors of 138873?
3, 7, 17, 389
What are the prime factors of 18593943?
3, 37, 127, 1319
List the prime factors of 811053.
3, 17, 19, 31
What are the prime factors of 656536?
2, 82067
What are the prime factors of 930143?
23, 37, 1093
What are the prime factors of 1392571?
929, 1499
List the prime factors of 1104075.
3, 5, 7, 701
What are the prime factors of 726355?
5, 7, 20753
What are the prime factors of 3180195?
3, 5, 23557
What are the prime factors of 1463492?
2, 151, 2423
What are the prime factors of 274648?
2, 11, 3121
List the prime factors of 51439.
51439
List the prime factors of 2014043.
41, 49123
What are the prime factors of 674909?
331, 2039
List the prime factors of 695491.
695491
What are the prime factors of 675779?
13, 227, 229
List the prime factors of 7219988.
2, 1804997
What are the prime factors of 8612718?
2, 3, 23, 139, 449
What are the prime factors of 17711276?
2, 11, 402529
List the prime factors of 41074.
2, 11, 1867
What are the prime factors of 684453?
3, 7, 11, 2963
What are the prime factors of 4641092?
2, 19, 79, 773
What are the prime factors of 530727?
3, 19, 9311
What are the prime factors of 30593?
30593
What are the prime factors of 46412?
2, 41, 283
What are the prime factors of 1745451?
3, 193939
What are the prime factors of 2163448?
2, 7, 5519
List the prime factors of 663750.
2, 3, 5, 59
What are the prime factors of 2174481?
3, 307, 787
What are the prime factors of 8737?
8737
What are the prime factors of 358457?
11, 32587
List the prime factors of 18569375.
5, 11, 37, 73
What are the prime factors of 8024063?
8024063
What are the prime factors of 10581747?
3, 11, 320659
List the prime factors of 406479.
3, 23, 43, 137
What are the prime factors of 2912825?
5, 37, 47, 67
What are the prime factors of 6752438?
2, 7, 11, 163, 269
List the prime factors of 213684.
2, 3, 17807
List the prime factors of 11461.
73, 157
What are the prime factors of 610265?
5, 122053
What are the prime factors of 1968053?
1968053
List the prime factors of 5489701.
7, 784243
List the prime factors of 93773.
79, 1187
What are the prime factors of 6099556?
2, 127, 12007
What are the prime factors of 150898?
2, 11, 19
List the prime factors of 38934756.
2, 3, 7, 17167
What are the prime factors of 1085391?
3, 83, 1453
List the prime factors of 31028968.
2, 3878621
What are the prime factors of 1468918?
2, 11, 23, 2903
List the prime factors of 4786697.
4786697
List the prime factors of 7172863.
7172863
What are the prime factors of 1735377?
3, 7, 17, 4861
What are the prime factors of 16765839?
3, 620957
List the prime factors of 20836879.
7, 2976697
List the prime factors of 1151943.
3, 13, 29537
List the prime factors of 28476454.
2, 47, 302941
List the prime factors of 9273772.
2, 17, 136379
List the prime factors of 9967806.
2, 3, 197, 937
List the prime factors of 17391.
3, 11, 17, 31
What are the prime factors of 102534?
2, 3, 23, 743
List the prime factors of 3295894.
2, 7, 397, 593
List the prime factors of 399289.
11, 36299
List the prime factors of 659560.
2, 5, 11, 1499
What are the prime factors of 27009571?
27009571
List the prime factors of 874807.
874807
What are the prime factors of 17638958?
2, 1301, 6779
What are the prime factors of 24446579?
149, 164071
List the prime factors of 854209.
421, 2029
What are the prime factors of 99552?
2, 3, 17, 61
List the prime factors of 294858.
2, 3, 16381
List the prime factors of 1883834.
2, 79, 11923
What are the prime factors of 452086?
2, 19, 11897
What are the prime factors of 4745150?
2, 5, 94903
What are the prime factors of 1023510?
2, 3, 5, 109, 313
What are the prime factors of 11098355?
5, 2219671
List the prime factors of 23357203.
23357203
List the prime factors of 282124.
2, 251, 281
What are the prime factors of 11946234?
2, 3, 67, 29717
List the prime factors of 4773379.
13, 17, 21599
What are the prime factors of 15842154?
2, 3, 41, 64399
What are the prime factors of 18516693?
3, 13, 474787
What are the prime factors of 315376?
2, 23, 857
What are the prime factors of 17327?
17327
What are the prime factors of 649828?
2, 162457
What are the prime factors of 1860711?
3, 620237
List the prime factors of 77211.
3, 23, 373
List the prime factors of 109808.
2, 6863
List the prime factors of 24114570.
2, 3, 5, 803819
What are the prime factors of 784057?
17, 2713
What are the prime factors of 431868?
2, 3, 17, 29, 73
What are the prime factors of 1627086?
2, 3, 271181
What are the prime factors of 3124582?
2, 1562291
What are the prime factors of 165232?
2, 23, 449
What are the prime factors of 85122?
2, 3, 4729
List the prime factors of 1067267.
101, 10567
What are the prime factors of 12521976?
2, 3, 521749
List the prime factors of 7930419.
3, 7, 101, 3739
What are the prime factors of 1281629?
23, 103, 541
What are the prime factors of 392588?
2, 7, 2003
What are the prime factors of 3586026?
2, 3, 597671
List the prime factors of 196806.
2, 3, 32801
What are the prime factors of 2888439?
3, 43, 22391
What are the prime factors of 16000650?
2, 3, 5, 31, 37
List the prime factors of 10272149.
10272149
What are the prime factors of 4401725?
5, 17, 10357
What are the prime factors of 23912533?
23912533
What are the prime factors of 2844870?
2, 3, 5, 7, 19, 23, 31
What are the prime factors of 124196?
2, 61, 509
List the prime factors of 2351223.
3, 7, 37321
List the prime factors of 169577.
67, 2531
List the prime factors of 43044.
2, 3, 17, 211
What are the prime factors of 26081694?
2, 3, 1448983
What are the prime factors of 4590711?
3, 510079
What are the prime factors of 17667308?
2, 61, 1187
List the prime factors of 369710.
2, 5, 11, 3361
List the prime factors of 9828424.
2, 43, 28571
What are the prime factors of 221993?
73, 3041
List the prime factors of 2572532.
2, 29, 67, 331
List the prime factors of 494192.
2, 67, 461
List the prime factors of 8635831.
61, 67, 2113
List the prime factors of 1362248.
2, 47, 3623
What are the prime factors of 148193?
148193
What are the prime factors of 1087009?
7, 11, 19, 743
What are the prime factors of 152277?
3, 193, 263
What are the prime factors of 26594758?
2, 199, 66821
List the prime factors of 1387390.
2, 5, 138739
What are the prime factors of 140958?
2, 3, 41, 191
What are the prime factors of 2230843?
107, 20849
What are the prime factors of 30026662?
2, 31, 484301
List the prime factors of 9767551.
1699, 5749
List the prime factors of 599596.
2, 149899
List the prime factors of 19256225.
5, 53, 14533
List the prime factors of 20024961.
3, 11, 47, 12911
List the prime factors of 1114118.
2, 557059
What are the prime factors of 32371189?
23, 37, 38039
What are the prime factors of 4285559?
4285559
What are the prime factors of 111643?
7, 41, 389
What are the prime factors of 1615115?
5, 317, 1019
List the prime factors of 2729407.
19, 143653
What are the prime factors of 6804684?
2, 3, 189019
List the prime factors of 1882752.
2, 3, 4903
List the prime factors of 404696.
2, 50587
What are the prime factors of 3704302?
2, 7, 37799
List the prime factors of 427085.
5, 229, 373
What are the prime factors of 796825?
5, 31873
What are the prime factors of 465222?
2, 3, 17, 4561
What are the prime factors of 687452?
2, 171863
List the prime factors of 2518978.
2, 7, 11, 1487
List the prime factors of 1725859.
1725859
What